 -65. Suppose -g*r + l = -2*d - 617, -4 = -4*d. What is the units digit of r?
5
Let z be 29 + -5 + (-2)/2 - 4. Suppose 932 = -z*c + 14099. What is the units digit of c?
3
Suppose 29*x = -62*x - 2*x + 283185. What is the tens digit of x?
4
What is the thousands digit of (27480/(-21))/(5 - (-1828)/(-364))?
9
Let h = 270 - 250. Suppose -p + 5*g = 3*g - 52, -h = -4*g. What is the units digit of p?
2
What is the thousands digit of (45 + -55 - (-8339)/4) + 3/(-4)?
2
Let z(w) = -41*w + 27 - 60 + 17. What is the tens digit of z(-10)?
9
Suppose -3*s = 4*s - 170577 + 40377. What is the units digit of s?
0
Let w(r) = 79*r**3 + 190*r**2 - 1217*r - 5. What is the thousands digit of w(7)?
7
Suppose 5*g + 21858 = 2*q, -29*q + 27*q + 2*g + 21846 = 0. What is the units digit of q?
9
Let z = -197 - -205. Suppose 5*w + 288 = g, 540 = -z*g + 10*g + 2*w. What is the hundreds digit of g?
2
Let s = -125 + -22. Let a = -51 - -41. What is the tens digit of (0 + a/15)*s?
9
Suppose -10*x + 5*x = 0. Let o = x + 4. What is the tens digit of -95*(-1)/(-3 + o)?
9
Let x(p) = -5*p - 28. Let i be x(-7). Let n = 2 + i. What is the units digit of ((-4)/(-24)*-2)/(-1)*n?
3
Suppose 96*k = -20*k - 558658 + 3055210. What is the units digit of k?
2
Let x(m) = 9*m**3 + 2*m**2 + 3*m - 3. Let s be x(2). Suppose -20*t - 21 = 967 + 32. Let o = s - t. What is the tens digit of o?
3
Let g = 11 + 3. Suppose -322 = -2*h + g. What is the tens digit of h?
6
Let z = -2498 + 2764. Suppose -u = -5*c + 106, -5*u = 3 + 2. Suppose 0 = 7*g - z - c. What is the tens digit of g?
4
What is the ten thousands digit of (5177/(-2139) - (-4)/46) + 803726/42?
1
Let g(n) = -225*n - 913. What is the tens digit of g(-9)?
1
Let f = 1366 - 869. What is the hundreds digit of f - (-4 + (-4 - -11))?
4
Let b be ((-36)/(-14))/((-21)/(-130438)). Suppose 0 = 10*n - 43*n + b. What is the tens digit of n?
8
Let n be (-1*(-4)/(-6))/((-2)/6). Let u be n/((-40)/4)*-5. What is the tens digit of (u - 0)/(2*1/94)?
4
Let r(m) = -15511*m - 142. What is the ten thousands digit of r(-1)?
1
Suppose 17*u - 1993256 - 189874 = -13*u. What is the tens digit of u?
7
Suppose 80 + 20 = 20*u. Suppose -3*j + 2632 = 7*y - 3*y, 3*j = -u*y + 3293. What is the tens digit of y?
6
Let j be -2 + 4 + -4 - -7. Suppose 274 - 4579 = j*i. What is the tens digit of 2/(-3)*i/14?
4
Let f = -107 + 99. What is the tens digit of -3 - 1490/f - 2/8?
8
Let k(x) = 149*x + 1536. What is the hundreds digit of k(14)?
6
Let k = -181 + 179. What is the tens digit of (3 - k) + 1268 + -22?
5
Suppose -5*q + 29096 - 5344 = -q. What is the tens digit of q?
3
Let y(o) = o**3 + 10*o**2 + 4*o - 6. Let d(n) = 2*n + 1. Suppose 5*x + 28 = -2*x. Let a be d(x). What is the hundreds digit of y(a)?
1
Suppose 4*m - 2*z = 222212, -59*z = -61*z - 8. What is the tens digit of m?
5
Let r = -237 + -272. Let f = 873 + r. What is the tens digit of f?
6
Let s = 26 - 23. Suppose 5*u + 4*q - 12 + s = 0, 5*u = 4*q + 1. What is the tens digit of (-1)/(-4 + u) + (-68)/(-3)?
2
Let q(i) = i**3 - i**2 + i + 9. Let k be q(0). Let n = k + -111. Let l = n - -172. What is the tens digit of l?
7
Let n(w) = -3086*w - 84. What is the units digit of n(-9)?
0
Suppose 2*m + 3*g - 56754 = 0, -3*m + 85150 = -113*g + 108*g. What is the units digit of m?
0
Let g = 63 - 58. Let q(z) = 3*z**3 + z**2 + 16*z + 9. What is the hundreds digit of q(g)?
4
Let i(r) = -r**2 + 23*r - 73. Let u be i(19). Suppose 408 = 3*s + u*l, 4*l + 415 = 11*s - 8*s. What is the hundreds digit of s?
1
Suppose -117*t + 80*t + 1274539 = 0. What is the units digit of t?
7
Suppose 159*d - 153*d = 2*y + 122744, 2*d - 2*y - 40908 = 0. What is the units digit of d?
9
Let t(z) = 490*z - 67. Let a = -477 - -479. What is the hundreds digit of t(a)?
9
Let l = 18394 + -11969. What is the units digit of l?
5
Let c(t) = -7*t**2 + 3*t + 9. Let g be c(6). Let i = 518 + g. Suppose -282 = -5*u + i. What is the tens digit of u?
1
Let p(x) = -2 + 139*x - 260*x - 2. Let y be p(-1). Let t = y + -70. What is the units digit of t?
7
Suppose -2*h - 3 = -11. Suppose 4*p = 5*k + 3216 - 1168, -h*p = -2*k - 824. What is the tens digit of (-2 - -5) + k/(-6) - 3?
6
Suppose -3*x = -0*x - 21. Let z be (0 - x) + (-13 - -12). Let r(d) = -24*d + 5. What is the hundreds digit of r(z)?
1
Suppose 0 = 6*i - 2*i - 8. Let h = 2049 - 2007. What is the tens digit of ((-9060)/h)/(-5) + i/(-14)?
4
Let w = 391 + -3. Let k = w - -227. What is the hundreds digit of k?
6
What is the thousands digit of (-699)/5*4840/(-264)?
2
Let q(c) = -6*c + 15. Let o = 86 - 137. Let z = o + 29. What is the hundreds digit of q(z)?
1
Suppose -4*u + 5*u = -3*x + 57, -2*x + 43 = -u. Let m be 2584/10 + (-8)/x. Suppose -2*g + 3*h = -m, -3*h + 488 = 4*g - 2*h. What is the tens digit of g?
2
Let w = -92171 + 150245. What is the hundreds digit of w?
0
Let o(c) = 11*c**2 - 5*c + 34. Suppose 5 = -j + 9. What is the hundreds digit of o(j)?
1
What is the thousands digit of 1674270/210 + 4/14?
7
Let z = 16538 + 2744. What is the tens digit of z?
8
Suppose 5*w - 252 = 7*w. Let k = -694 - -922. Let d = k + w. What is the hundreds digit of d?
1
Let k = -68416 + 127833. What is the hundreds digit of k?
4
Let t = -570 + 575. Suppose 0 = -3*h + 17*q - 14*q + 492, -3*h = t*q - 484. What is the tens digit of h?
6
Let t(n) = -n**3 - n**2 + 2*n + 218. Let l be t(0). Suppose 5*h - l = -48. Let o = h + -17. What is the tens digit of o?
1
Suppose 3*p - 687 - 210 = -5*u, 4*p = -3*u + 536. Let f = u + 30. What is the tens digit of f?
1
Let s(o) = -4*o**2 - 7*o - 15. Let a(j) = -3*j**2 - 8*j - 14. Let u(m) = 3*a(m) - 2*s(m). Let t be u(-8). What is the units digit of 1*-2*t/8 + 97?
6
Suppose 2*d = -4, 19*q - 3*d - 15642 = 15*q. What is the units digit of q?
9
Let o be (-2)/(-8) - 2/16*-358. Let k = o - 14. Suppose 0 = 4*l - 33 - k. What is the units digit of l?
6
Suppose 5*b = 4*d + 14 + 31, 62 = 4*b + 2*d. Suppose 0 = 3*m + b - 133. Suppose 3*t + 90 + m = w, 3*w = -t + 430. What is the tens digit of w?
4
Let i = -19 - -21. Suppose -i*z - 2*z = z. Suppose 4*w - 2*k - 198 = z, 255 = 5*w - 0*k - 4*k. What is the tens digit of w?
4
Let n(u) = u**3 + 32*u**2 - 23*u + 333. What is the tens digit of n(-23)?
2
What is the ten thousands digit of -18 - -11992 - (-6 - 8)?
1
Suppose -9*v = -7*v - 2. Let c be 4/4 - (-573 + v). Suppose -3*z - t + c = 2*z, -3*z - 2*t = -341. What is the hundreds digit of z?
1
Suppose 64 = 14*d - 6. What is the hundreds digit of 2572/d + (3 - (-85)/(-25))?
5
Suppose 4*r - 1600*w - 46035 = -1601*w, r = 3*w + 11499. What is the units digit of r?
8
Suppose -6783 = -p - 26*k + 22*k, -2*k = -5*p + 33959. What is the tens digit of p?
9
Let n be 8/(-1) + (-100 - 31). Let b = n + 408. What is the hundreds digit of b?
2
Let v(s) = 703*s**2 + 280*s - 8. What is the ten thousands digit of v(-4)?
1
Let n(h) = h**3 - 3*h**2 - 7*h + 14. Let z be n(4). Suppose -a + 681 = 2*w - 6*w, a = z*w + 685. What is the hundreds digit of a?
6
Let b(j) = j**3 - 46*j**2 + 194*j + 163. What is the units digit of b(59)?
2
Let j(n) = n**3 + 11*n**2 + 14*n + 9. Let z(c) = -2*c - 3 + 5 + 3 - 2*c**2 - 2. Let v be z(-3). What is the tens digit of j(v)?
4
Suppose 3*d - m - 7 = -4, 12 = -4*d - 4*m. Suppose -3*t = -5*u - 356 + 4255, d = 2*u - 3*t - 1565. What is the tens digit of u?
7
Let b(m) be the second derivative of 29*m**3/6 - m**2 - 5*m - 1. What is the tens digit of b(14)?
0
Suppose 0 = l + 5*z - 186, -l - z = -5*z - 222. Let f = l + -14. Suppose f = -3*w + 6*w. What is the tens digit of w?
6
Let p(v) = -34*v + 275. Let m be p(33). Let i = -242 - m. What is the units digit of i?
5
Let y = 62201 + -34133. What is the thousands digit of y?
8
Let n be ((-30)/(-12) - 4)*(-8)/3. What is the tens digit of 5 + 3800/24 - n/(-6)?
6
Suppose 6 = -3*n, -2*p + p + 1284 = 2*n. Suppose -4495 + p = -3*x. What is the units digit of x?
9
Let p(i) = 5*i - 18. Let v be p(4). What is the tens digit of (130/5)/v + 0/3?
1
Let b = 19 + -53. Let y = b - -44. Let u = y + 52. What is the units digit of u?
2
Suppose -54*u - 64 = -58*u. What is the hundreds digit of 13*((-1)/(-4) - (-1196)/u)?
9
Suppose 5*g = g - 780. Let j be (-111)/(-39) + 5/(g/(-6)). Suppose -j*r - 96 = -7*r. What is the tens digit of r?
2
Let s = 18365 + -11880. What is the hundreds digit of s?
4
Wha